?
2
Let s be (-9)/6*(-2 + 0). Suppose -341 = 2*a - 7*a - 4*n, -3*a = -s*n - 210. What is the units digit of a?
9
Let m(o) = 164*o**2 + 12*o - 15. What is the units digit of m(2)?
5
Suppose d - 377 = -2*h, 2*h - 5*d = -161 + 508. Let w = 363 - h. What is the units digit of w?
7
Let h = -15 - -12. Let c be (-1 - h)*-1 + -25. What is the units digit of (-94)/(-18) - (-6)/c?
5
Suppose -30*n + 1788 = -26*n + 4*f, 0 = 3*n - f - 1349. What is the tens digit of n?
4
Suppose -13*c = -9*c - 1048. What is the tens digit of c?
6
Suppose -7*f = 345 - 5931. What is the units digit of f?
8
Let s = -57 - -67. Suppose 4*z + 486 = s*z. What is the units digit of z?
1
Let u(n) = -3*n**2 + 6*n + 20. Let s be u(-6). Let j = -84 - s. What is the units digit of j?
0
Let y(i) = -i**2 + 4*i + 7. Let v = -2 + 4. Let l = 3 + v. What is the units digit of y(l)?
2
Let j = -174 - -2238. What is the hundreds digit of j?
0
What is the hundreds digit of 12*(-24)/32 + 483?
4
What is the tens digit of (-1)/(-6)*21*140?
9
Suppose -x = -3*f + 31 - 363, -3*x = -f - 980. What is the hundreds digit of x?
3
Let q(c) = -3*c**2 + 15*c - 3. Let l be q(6). Let o = l + 64. What is the tens digit of o?
4
Let s(q) = 1151*q**2 - 3*q - 6. What is the hundreds digit of s(2)?
5
Let f(a) = -3*a - 3*a + 3*a - 7*a. What is the units digit of f(-7)?
0
Suppose 0*q + 10 = 5*q. Let a(l) = -3*l + 5. Let g(j) = 4*j - 6. Let z(k) = q*g(k) + 3*a(k). What is the units digit of z(1)?
2
Let o = -596 - -848. What is the hundreds digit of o?
2
Let p(i) = -i**3 - 9*i**2 - 8*i + 1. Let h be p(-8). Let b be 2*h*(59 + 1). Suppose 3*m - 2*n - b = -12, 4*m - 5*n = 151. What is the units digit of m?
4
Let r(t) be the first derivative of t**3/3 + 3*t**2 - 7*t - 1. Let n be r(-7). Suppose 0*w - 3*o = w - 53, w + 5*o - 59 = n. What is the tens digit of w?
4
Let x be (-2)/(-8) + 1298/88. What is the units digit of (-410)/(-25) - 6/x?
6
Let u = -325 + 425. What is the hundreds digit of u?
1
Let c(j) = -4*j + 19. Let v be c(6). Let h(d) = d**2 - d + 3. What is the tens digit of h(v)?
3
Let y be ((-40)/(-16))/((-1)/(-2)). Suppose -x + y*o = -250 + 74, 4*x = -5*o + 604. What is the tens digit of x?
5
Let w = 3 - 6. Let x = w + 6. Suppose x*h + 37 = 169. What is the units digit of h?
4
Suppose 28*b - 20013 = 7*b. What is the hundreds digit of b?
9
Let h(r) = -5*r + 4. Let d be h(-4). Let l be (-3)/4*d/(-1). Let w = l + -8. What is the units digit of w?
0
Let i = -5 - 139. What is the units digit of (22/(-4))/((-4)/i*-2)?
9
Suppose 843*v + 1459 = 844*v. What is the units digit of v?
9
Let t(i) = 2*i**2 + 16*i - 34. Let g be t(-16). Suppose -4*m + 183 = -f, -2*f - g = -5*m - 3*f. What is the tens digit of m?
4
Suppose 15*m = 80918 - 24278. What is the hundreds digit of m?
7
Let x(p) = 2*p**2 - 4*p + 4. Let y be x(3). Let n(t) = -2*t**3 + t**2 + 2*t. Let z be n(2). Let f = y + z. What is the units digit of f?
2
Let k(w) = 730*w**3 - 5*w**2 + 8*w - 2. What is the units digit of k(1)?
1
What is the thousands digit of 1*2837 + 5/45*-9?
2
Let f(z) = z**3 + 21*z**2 + 7*z - 17. What is the units digit of f(-18)?
9
Suppose -3*m = 53 - 8. What is the tens digit of 2/m - 4332/(-90)?
4
Suppose 4*w + 2*j = 2032, -4*j = -0*w + 4*w - 2040. What is the tens digit of w?
0
Suppose 5*l - l - 20 = 0. Let i(s) = -13*s. Let f(x) = -2*x - 1. Let q(h) = 4*f(h) - i(h). What is the units digit of q(l)?
1
Let b be -4 + (-15)/(-6) - 8966/(-4). What is the hundreds digit of b/21 + 4/(-6)?
1
What is the hundreds digit of (0 - (-1983)/2)/((-90)/(-120))?
3
Suppose -156*k + 75200 = -116*k. What is the units digit of k?
0
Suppose 3*t - 9 = 3*i, -t = 5*i + 3*t + 60. What is the tens digit of 175 - (-48)/12*6/i?
7
Let c(f) = -f**3 - 12*f**2 + 11*f - 6. Let m be c(-13). Let r = 3 + m. Suppose -36 = -u - 4*y, u - r = -5*y + 18. What is the units digit of u?
6
Let f = 8729 - 5752. What is the tens digit of f?
7
Suppose 3*n = 774 + 672. What is the units digit of (n/3)/(6/9)?
1
Let d = -430 - -173. Let h = d + 363. What is the units digit of h?
6
Let y(a) = -3*a - 4. Let q be y(-2). What is the tens digit of 2*14 + -3 + q?
2
Suppose -2869 = -5*m + 1221. What is the hundreds digit of m?
8
Suppose 2*b + u - 5*u = 196, -b + 5*u = -83. Let d be (b/(-10))/((-1)/5). Suppose 5*z - d = 31. What is the tens digit of z?
1
Let g(h) = 2*h + 13. Let s be g(-7). What is the tens digit of (65/10)/(s/(-2))?
1
Let q = -12 + 21. Let d = q - 4. Let w = 14 + d. What is the units digit of w?
9
Suppose -5*q - 17 = -62. Let y(i) = i**2 - 8*i + 21. What is the tens digit of y(q)?
3
What is the hundreds digit of ((-25)/(-15))/((-12)/(-5508))?
7
Suppose -i = o - 50, 3*o - 6*i + 2*i - 115 = 0. What is the units digit of o?
5
Let g(f) = -2*f + 22. Let m be g(9). What is the units digit of m/10 + 272/20?
4
Let f(c) be the third derivative of -c**4/12 - 5*c**3/6 - 12*c**2. Let g be f(-8). Suppose -19 = -y - g. What is the units digit of y?
8
Let w be -37*2 + (-2 - 3). Let k = -45 - w. What is the units digit of k?
4
Suppose 0 = -n + 2 + 2. Suppose -n*k = -2*k - 22. What is the tens digit of k?
1
Let m = -373 + 480. What is the tens digit of m?
0
Suppose 2 = -o, -2*f + 8032 + 254 = -3*o. What is the tens digit of f?
4
What is the thousands digit of 1 + 4 + -10 + 2451?
2
Suppose 3*a - 8 = 1. Let m be 2*(a + -1) - -9. Suppose 80 = -8*t + m*t. What is the tens digit of t?
1
Suppose 2*k = k - 2*u + 52, -3*k + 144 = 3*u. Suppose 0 = 5*b - 26 - k. What is the units digit of b?
4
Let d = -7 - -11. Suppose 5*k + d*n - 124 = -0*k, 69 = 3*k - 3*n. Suppose v - k = -v. What is the units digit of v?
2
Let m(q) = -q**2 - 7*q + 9. Let x be m(4). Let p = x - -65. What is the tens digit of p?
3
Suppose 4*h - 2*m + 53 = -h, -2*h - 6 = 3*m. What is the units digit of (-8 - h)/((-1)/(-101))?
1
Let v(b) = -b**2 + 1. Let s(l) = -4*l**2 + l + 31. Let o(w) = -s(w) + 3*v(w). Let k be o(0). Let r = 61 + k. What is the units digit of r?
3
Let q be 98/((-15)/6 + 2). Let l = q - -283. Let j = -60 + l. What is the units digit of j?
7
Let z = -1085 - -3140. What is the hundreds digit of z?
0
Suppose -1900 = -5*r - 5*f, 12*r + 1144 = 15*r + 4*f. What is the hundreds digit of r?
3
Let t(y) = -6*y + 45. What is the hundreds digit of t(-21)?
1
Suppose 57 = -3*o + 3*i, -o + 0*o - 2*i - 13 = 0. Let c = o + 146. What is the tens digit of c?
2
Suppose 3*w = -y, 3*w - 3*y = y. Suppose w = -4*j + r + 60 + 765, j = -3*r + 216. What is the units digit of j?
7
Let s(j) = j**3 + 4*j**2 - 13*j. Let b be s(-6). What is the tens digit of 88 + 1*(b + -4)?
9
Let t(l) be the second derivative of l**4/12 + 5*l**3/6 - 7*l**2 - 19*l. What is the tens digit of t(8)?
9
Let r = 713 + -402. What is the units digit of r?
1
Let d be 2/(-6) + 12/(-18). What is the units digit of (-8925)/(-102) - (d/(-2) + -1)?
8
Let f = 571 + -101. What is the hundreds digit of f?
4
Suppose 25*y - 737 = 12313. What is the hundreds digit of y?
5
Let a be (-7 - 2)/((-2)/6). Let s = a + -23. What is the units digit of s?
4
Let q be ((-14)/7)/(-2 - (-192)/97). Let a = q + -6. What is the units digit of a?
1
Suppose -3*m + 618 + 9 = 0. Let f = -162 + m. What is the tens digit of f?
4
Suppose -8*n = -27*n + 56183. What is the hundreds digit of n?
9
Suppose 4880 = -4*z + 14*z. What is the units digit of z?
8
Let w = 715 - 441. Suppose 3*b - w = b. What is the units digit of b?
7
Let b(h) = -h + 1 + 4*h + 2*h**2 - h - h**2. What is the units digit of b(-7)?
6
Let l = -250 - -514. What is the hundreds digit of l?
2
Let s(i) = -2022*i + 22. What is the tens digit of s(-1)?
4
Let l = 10 - -4. Let w be (l/3)/((-4)/(-18)). Suppose w*q = 25*q - 168. What is the tens digit of q?
4
Suppose 8 = -19*z + 23*z. Suppose 4*p = 3*i + 2*i + 171, z*p - 5*i = 83. What is the units digit of p?
4
Suppose 5*u - 5 = 0, -4*l + 23 = -0*l + 3*u. Suppose -l*g - 80 = -10*g. Suppose 0 = 3*k - 7*k + g. What is the units digit of k?
4
Let n = 4017 - 1838. What is the tens digit of n?
7
Let n(q) = 3*q - 1. Suppose -5*x + 28 - 93 = 0. Let l = 14 + x. What is the units digit of n(l)?
2
Suppose 70 = 3*r - 8*r. Let i = 20 + r. Let h = 8 - i. What is the units digit of h?
2
Let r = 15 + -13. Suppose -5*x + 2*p + 599 = 0, 2*x = r*p - 3*p + 245. What is the hundreds digit of x?
1
Let b(u) = u**2 - u - 5. Let t be